 = 0, 2*m + r = 6*m + 3*f. List the prime factors of m.
13
Let g(i) = -i**2 + i + 10. Let n be g(0). Suppose -2*p + 4*x = p - n, 2*p - 2*x - 10 = 0. What are the prime factors of p?
2, 5
Let c(a) = a**3 - 8*a**2 - a + 11. Let h be c(8). What are the prime factors of -6*(h + (-15)/2)?
3
Let j(i) = -3*i + 9. Let l(y) = 7*y - 1. Let k be l(1). Let c be j(k). Let t = 14 + c. List the prime factors of t.
5
Let o(p) = -3*p. Let s be o(-2). Let f(t) = -2*t**2 - 3*t - 7. Let c(z) = 5*z**2 + 9*z + 20. Let q(a) = -3*c(a) - 8*f(a). What are the prime factors of q(s)?
2, 7
Let u(b) = 13*b - 3. Let k(y) = -12*y + 2. Let n(s) = 4*k(s) + 3*u(s). Let o be n(-4). Suppose 5*z = o + 35. What are the prime factors of z?
2, 7
Let y(w) = 0 - 5*w**2 - w + 4 - 1 + 2*w**3 - 3*w**3. List the prime factors of y(-5).
2
Let m(f) = -f + 10. Let p be m(5). Suppose -3 + 23 = p*v. What are the prime factors of v?
2
Suppose 0 = -2*t + 4 - 34. Let x = t - -55. What are the prime factors of x?
2, 5
Let y(h) = -h**3 - 6*h**2 + 6*h - 10. Let d be y(-7). Let p(b) = -10*b - 3. What are the prime factors of p(d)?
3
Let m(v) = -4*v + 2. Let o(u) = 2*u - 1. Let q(p) = 3*m(p) + 7*o(p). Let a be (3 - 1) + -1 + 1. What are the prime factors of q(a)?
3
Let v(y) = y + 0*y - 2*y. What are the prime factors of v(-3)?
3
Let n(a) = -a**3 + 9*a**2 + 6*a + 17. What are the prime factors of n(8)?
3, 43
Let t be 6/(6*(-1)/4). Let w be (2/t)/(6/(-432)). Suppose 3*i - w = 15. What are the prime factors of i?
17
Let l = 384 - 91. List the prime factors of l.
293
Let i be 4/6*474/4. Suppose -4*u + 58 = 5*x, -5*x + 0*u + i = -3*u. List the prime factors of x.
2, 7
Suppose 5*g = -0*g. Let u(k) = -k**3 + k**2 - k - 7. Let l be u(g). Let f(b) = -b**2 - 9*b. List the prime factors of f(l).
2, 7
What are the prime factors of (24/28)/((-1)/(-63))?
2, 3
Let o(k) = k - 2. Let b be o(-2). Let t = b + 8. What are the prime factors of t?
2
Let p = -37 + 67. What are the prime factors of p?
2, 3, 5
Let r(j) = 20*j + 12. What are the prime factors of r(5)?
2, 7
Let d(u) = u**2 - 6*u + 5. Let r be d(5). Suppose -4*v - 6 - 138 = r. What are the prime factors of ((-1)/2)/(3/v)?
2, 3
Let o be ((-18)/45)/((-1)/(-15)). What are the prime factors of (-1)/o + 110/60?
2
Suppose -40 = -5*a + 25. What are the prime factors of a?
13
Let a(c) = c - 1. Let x be a(0). What are the prime factors of -1*x/4*68?
17
Let m be 3/2*(-5 - 1). What are the prime factors of m/(-2 - 1) - -11?
2, 7
Let d(l) = l**3 - 7*l**2 + 3. Let h be d(7). Suppose s = h*s - 4. List the prime factors of s.
2
Let m(y) = y**3 + 9*y**2 + 10*y + 4. Let s be m(-8). Let i be 16/10 + s/(-30). Suppose -2*p - i = -2*o - 0*p, -45 = -5*o - 5*p. List the prime factors of o.
5
Suppose 0 = 2*s + 2, -5*s + 4*s - 61 = -5*w. What are the prime factors of w?
2, 3
Let b = 34 + -27. What are the prime factors of b?
7
Let r = 0 + 2. Let p = -48 - -48. Suppose -2*m - r*m + 12 = p. List the prime factors of m.
3
Let f be 7 + -8 + 9*1. Let j(s) = 2*s - 9. List the prime factors of j(f).
7
Let s(b) = -b**2 + 2*b + 2. What are the prime factors of s(2)?
2
What are the prime factors of 2/8 + (-1705)/(-44)?
3, 13
Suppose 0*b = b + 24. Let p = -3 - b. List the prime factors of p.
3, 7
Let t(w) = w**2 - 1. Let b(f) = -2*f**2 + 5*f - 1. Let v = -1 - -2. Let h(k) = v*b(k) + t(k). List the prime factors of h(2).
2
Let u be ((-2)/(-2))/(1/2). Let o(w) = 2*w**u + 1 - 5*w - 4*w + 5*w. List the prime factors of o(3).
7
Suppose 4*k = -k - 4*g + 50, -k + 5*g + 39 = 0. Let r = -16 + 14. Let p = r + k. What are the prime factors of p?
2, 3
List the prime factors of (-7)/(-1) + (-7 - -7).
7
Let t be (-24 + 2/1)*-1. List the prime factors of 317/11 + 4/t.
29
Suppose 33*y - 31*y = 24. What are the prime factors of y?
2, 3
Suppose -b + 280 = 2*b + 4*g, -b = -g - 98. What are the prime factors of b?
2, 3
Let q = -3 + -1. Let f(l) = -4*l + 3. Let h(n) = 3*n - 4. Let j(u) = q*f(u) - 5*h(u). What are the prime factors of j(0)?
2
Let t = -8 + 67. List the prime factors of t.
59
List the prime factors of 826/(-21)*(-6)/4.
59
Let a = 10 - 0. List the prime factors of (12/a)/(3/40).
2
List the prime factors of 7*(-87 + 1)*(-4)/8.
7, 43
Suppose 5*n + 22 = 167. Let z = n + -16. List the prime factors of z.
13
Suppose 0 = 4*j - j - 15. Let g = 3 - j. Let t = 7 - g. List the prime factors of t.
3
Let q(o) = o + 5. Let z be q(4). Suppose 5*d - 6 = z. List the prime factors of d.
3
Let o be 7 + (-3 - -2)*1. Let p be (-89)/(-7) - 4/(-14). Let b = p - o. List the prime factors of b.
7
Let l = -3 + -2. Let d(i) = i + 11. Let b be d(l). Let k = b - 1. List the prime factors of k.
5
Let b be (3 - 4)*7/1. What are the prime factors of 1 - b/((-7)/(-6))?
7
Let u = 77 - 35. List the prime factors of u.
2, 3, 7
Suppose -v + 1 = 3*z + 3*v, -14 = -2*z + 4*v. Suppose z = 2*c + c. Suppose -13 = -2*m + c. What are the prime factors of m?
7
What are the prime factors of (-2159)/(-5) - (-6)/(-120)*-4?
2, 3
Let m = -133 + 258. What are the prime factors of m?
5
Let j(x) = -10*x - 6. Let b be j(-5). Let y be b/7 + (-2)/7. Suppose 2*n - y = -2. List the prime factors of n.
2
Suppose 0 = -5*f + 7*f - 6. Suppose 0*o = -f*o + 150. List the prime factors of o.
2, 5
Suppose 0 = 2*y - 6 - 2. Suppose 0 = -y*u + 42 + 66. List the prime factors of u.
3
Let a be 2/(-10) + 11/5. Let z = 5 - a. Let h(o) = -o**3 + 3*o**2 + 3*o + 2. What are the prime factors of h(z)?
11
Let f = 15 + -11. Suppose f*t = -3*b + 323, -3*t + 324 = t + 4*b. Suppose 5*a - t = -0*a. What are the prime factors of a?
2
Suppose 5*m = 3*m + 4*b - 14, -2*m + 5*b - 19 = 0. Suppose 2*d = -s + 13 + 22, s - m*d - 15 = 0. List the prime factors of s.
3
Let x(b) = b**2 - b + 1. Let p be x(5). Suppose 0*w + 3*w - p = 3*k, -2*w + 26 = -5*k. Suppose -2*j - 3*y = 2 - 18, 4*j = w*y - 4. List the prime factors of j.
2
Suppose 65 = -4*i - 15. What are the prime factors of 0 - (-2 - i/(-4))?
7
Let d be -6*1/3*2. List the prime factors of (26/d)/((-3)/6).
13
Let q(j) = j**3 - 15*j**2 + 17*j + 3. List the prime factors of q(14).
3, 5
Let f be (3/(-12))/((-1)/172). Let a = -14 + f. List the prime factors of a.
29
Suppose 0 = -4*z + 4*c + 64, 5*z - 3*c - 88 = -2*c. Suppose -x - z = -3*x. What are the prime factors of x?
3
Suppose 5*c - 5 = 3*r, r + 25 = 6*r. Let n = c - 0. List the prime factors of n.
2
Let b(z) = -z**3 - 3*z**2 - z. Suppose 3*i - 3 = 5*f, 0*i - 2*i = 8. Let l be b(f). Let h = 2 + l. List the prime factors of h.
5
Let o be 2*(33/6 - 3). Suppose 2*k - 4*a + 28 = 3*k, -33 = -k - o*a. List the prime factors of k.
2
Let z = 2 + -2. Suppose -16 = -z*d - 4*d. What are the prime factors of d?
2
Let t(y) = -2*y + 3. Suppose 3*i - 16 = -i. Let s be t(i). What are the prime factors of (s/2)/(6/(-12))?
5
Let x(n) = -n**2 + n + 2. Suppose 0 - 4 = 5*j + 4*q, -3*q = -4*j + 3. What are the prime factors of x(j)?
2
List the prime factors of (-44)/(-6 + 4) + -2.
2, 5
Suppose -5*g + 5*c = -85, 32 = 5*g - 4*c - 57. Let p = 64 - g. Suppose h + 2*d - 8 = 0, -3*h = -2*d - p - 21. What are the prime factors of h?
2, 3
List the prime factors of (1 - (-2 + 2)) + 3.
2
Suppose -293 + 18 = -5*m. What are the prime factors of m?
5, 11
Let c be (-6)/(-21) + (-80)/(-14). List the prime factors of (-1 - -4)/(c/48).
2, 3
Suppose 4*q - 2*f - 115 - 43 = 0, 0 = 5*q - f - 199. What are the prime factors of q?
2, 5
Let l(g) = -g**2 - 5*g - 6. Let h be l(-4). Let f be (-1)/(h - (-171)/87). Suppose 0 = -5*z + 4*y + 43, -4*y + y = 5*z - f. What are the prime factors of z?
7
Let g = 2 + -6. Let u(x) = 2*x**2 + x + 5. List the prime factors of u(g).
3, 11
Let q be (4/(-8))/(1/(-8)). Suppose 49 = q*z - 3. What are the prime factors of z?
13
Suppose 0 = -3*g + 15 + 9. Suppose -3*w = -g - 7. Suppose 5*n - 3*q = 68, -4*q + q + 62 = w*n. List the prime factors of n.
13
What are the prime factors of (2/11 - (-17)/(-33))*-93?
31
Let w be (-4)/8 - (-26)/(-4). Let m(o) = -o**2 - 6*o + 10. Let j be m(w). Let g = j - 1. What are the prime factors of g?
2
Let n(y) = -y**2 - 7*y + 2. Let q be n(-7). Let x = 70 + -38. Suppose 3*h - x = -2*i, 0 = q*h + 6*i - 11*i - 15. List the prime factors of h.
2, 5
Let x(a) = -a**3 + 3*a**2 + 2*a + 2. Let u(w) = w**2 - 6*w + 6. Let c be u(6). Suppose 0 = -k - 3*y, -3*k - 5 = -c*k - 4*y. What 